e number?
False
Suppose 8 - 32 = 3*u. Let d(y) = -y**3 - 8*y**2 - 9*y - 3. Is d(u) a composite number?
True
Suppose -5*z + z = 5*u - 7865, -5*u + 3*z = -7900. Suppose -g + 2*y = -u, 5*y - 1592 = -g + 2*y. Is g a prime number?
True
Let p = -151 - -62. Let t = 202 + p. Is t a prime number?
True
Suppose -6*w - 1844 = -2*w. Let t = w + 684. Is t a prime number?
True
Let f(m) = 5*m**2 - 5*m - 6. Let q be f(7). Suppose -5*a + 301 + q = 0. Suppose 2*s = a - 31. Is s a prime number?
False
Suppose -r + 6 - 1 = 0. Let y = r - 3. Suppose -2*m = 0, -3*g + y*m - 3*m = -57. Is g composite?
False
Let i = -10 + 20. Suppose t = 6*t - i. Is t a prime number?
True
Let u = -1851 + 2646. Suppose u = 4*d + 19. Is d prime?
False
Let k = -5249 - -11278. Is k composite?
False
Let x = -5 + 9. Suppose v - 2*w - 48 = -4*v, -36 = -x*v + 4*w. Is v a prime number?
False
Let m = -2720 - -4587. Is m a prime number?
True
Suppose 0 = d - 862 - 1033. Is d a prime number?
False
Let t(i) = -13*i**2 - i - 4. Let x be t(-6). Let w = x + 945. Is w composite?
False
Let l(j) = -j**2 + 8*j - 6. Let c be l(6). Suppose -14 = -4*k + c. Suppose -q - q + 3*o + 37 = 0, -140 = -k*q - 2*o. Is q a composite number?
True
Let d = 2 + 7. Suppose -745 = 4*q - d*q. Is q composite?
False
Let f(y) = -y**2 - y - 2. Let k be f(0). Is -3*(-28 + -1) + k prime?
False
Let r(u) be the second derivative of u**5/10 + 13*u**4/12 + u**3/2 + u**2/2 + 2*u. Let q(k) = -k**2 - k. Let f(w) = -5*q(w) - r(w). Is f(-6) a composite number?
False
Let s(j) = -j**2 - 11*j + 5. Let w be s(-6). Let k = 113 + w. Suppose 0 = 3*p - 7*p + k. Is p prime?
True
Let z be (-1 - (-10 - -3))/2. Suppose -z*x + 797 = 200. Is x composite?
False
Let f be 13/3 - 4/(-6). Suppose -f*l + 33 = 6*u - 3*u, 2*l + 2*u = 10. Is (-3)/l - (-232)/3 prime?
False
Suppose 4*z = -4*q + z + 1321, z - 330 = -q. Suppose -5*p = -379 - q. Is p prime?
False
Let h = 10 - 8. Suppose 0 = -4*o + h*o + 154. Is o composite?
True
Suppose u = 2*a + 5, -12 = -4*u - 3*a - 3. Let q(d) = 3*d + 4 + 4*d - 2*d. Is q(u) prime?
True
Let g(u) = 106*u - 31. Is g(5) a prime number?
True
Let h(w) = -9*w**2 - 8*w - 6. Let k(z) = 13*z**2 + 12*z + 9. Let g(y) = 7*h(y) + 5*k(y). Let n = 10 - 15. Is g(n) composite?
True
Suppose 2*q + 0 - 8 = 0, -o = 5*q - 16. Let f = -4 - o. Suppose -5*i + 2*i + 69 = f. Is i composite?
False
Let p(k) = -7*k + 159. Is p(0) a prime number?
False
Let y = -1 - 8. Suppose 0 = 3*u + 2*o + 52 + 14, -5*o = 3*u + 57. Let h = y - u. Is h composite?
True
Suppose -51 = -5*o - t, 3*t = 5*t - 2. Suppose -m = -11 - o. Is m a prime number?
False
Suppose 0 = -w - 2*w + 2694. Is w composite?
True
Let t(g) = -g**3 - g**2 + 4. Let k be t(0). Let d = k - 4. Suppose 2*i + 2*i - 92 = d. Is i a composite number?
False
Let l = 1593 + -1012. Is l a composite number?
True
Suppose -762 = -3*d - 4*h, -h = 4*d + h - 1016. Is d prime?
False
Let k = -18 - -15. Let b = 56 + k. Is b prime?
True
Let r(f) = -64*f. Let t be r(-4). Let k = t - 137. Is k prime?
False
Let p = 6 + 27. Suppose -10 = h - p. Is h a composite number?
False
Suppose 179 = 2*h + 33. Let k = -22 - -134. Let q = k - h. Is q prime?
False
Suppose 4*f - 5 = -89. Let l(s) = 2*s**2 + 2*s - 5. Let t be l(-5). Let g = t + f. Is g composite?
True
Let i be (-473)/(-55) + 4/10. Suppose i*b - 1005 = 6*b. Is b composite?
True
Let k(y) = -9*y - 5. Let p(g) = g. Let i be p(-6). Is k(i) prime?
False
Suppose 3*o - 15 = -3*c, o + 20 = -5*c + 5*o. Suppose 0 = 3*s - 4*z - 299, 3*z + c*z + 6 = 0. Is s composite?
False
Let a = 6 + -3. Is 3*(37/a + 0) a composite number?
False
Let b be ((-6)/9)/(1/(-18)). Let j = b - -4. Is 1268/j + (-1)/4 a composite number?
False
Suppose -o - 1 = -3. Let b = o - -3. Suppose z = -b*g + 14 + 8, -z + 10 = g. Is z prime?
True
Let w(s) = -s**2 + 18*s + 16. Is w(9) a prime number?
True
Is (1/2)/(4/3272) composite?
False
Let r = -121 + 192. Is r a prime number?
True
Let x(n) = -n**3 - 6*n**2 - n - 6. Let s(w) = -w - 16. Let j be s(-10). Let c be x(j). Suppose -i - i + 38 = c. Is i composite?
False
Let z = -1756 - -3213. Is z a prime number?
False
Let h be 518/4 - 2/(-4). Suppose 2*q - q = -4*y - 47, 0 = -4*y + 16. Let a = h + q. Is a a composite number?
False
Let b(f) = 2*f - 6. Let o be b(6). Is 4/o*159/2 a prime number?
True
Suppose -3*y + y = -4. Let s be y/(-3) + 66/(-9). Is (57/12)/((-2)/s) a composite number?
False
Suppose -3*f - 135 = 3*z - 1086, -5*f + 1603 = -4*z. Is f prime?
False
Let t(r) = r**2 - 3*r - 10. Let g be t(7). Let q be (2 - 0)*6/(-4). Is (-3)/g*q*52 a composite number?
True
Suppose 6 = -0*w + 3*w. Let k = w - -38. Suppose -k = -4*t + 12. Is t a composite number?
False
Let q(o) = -o - 27. Let y be q(-17). Let u = 68 - 239. Let c = y - u. Is c composite?
True
Suppose -8 = o - 5*o. Let u be 2/(-1) + (-80)/o. Let b = -3 - u. Is b a composite number?
True
Suppose 0 = -4*m + 720 + 556. Is m a prime number?
False
Suppose -5*i = -1005 - 1175. Is (i/(-3))/((-2)/3) a prime number?
False
Suppose -446 = 5*v - 1116. Is v composite?
True
Let m(j) = j**3 - 9*j**2 - 14*j + 9. Is m(11) prime?
True
Let c = 1 - -2. Suppose c*b - 5*b + 8 = 0. Suppose 3*a - 5*s - 126 = 0, 2*a - 5*s + 59 = b*a. Is a composite?
False
Suppose 0 = -5*g + 3*q + 22, -4*g = -6*g - 3*q - 8. Suppose 3 = -o, -2*o = -g*y + 2*o + 244. Suppose -32 = -4*x + y. Is x a composite number?
False
Suppose 4*a = -5*x + 737, -x - 5*a = -2*a - 143. Is x a composite number?
False
Suppose 4*l + i - 9 = -0*i, -6 = -l + i. Suppose 2*k = -4*v + 510, 4*k - l*k + 634 = 5*v. Is v composite?
False
Suppose 45 = d - 10. Is d a prime number?
False
Let b(t) = -2*t**3 - 12*t - 47. Is b(-8) prime?
False
Let x = -120 + 232. Let d = 191 - x. Is d composite?
False
Let g = 37 + 304. Is g a prime number?
False
Suppose 2*q + 4*u + 152 = 4*q, 2*u = 5*q - 364. Suppose -4*g + q = d - 165, 2*g = 4*d + 114. Is g a composite number?
False
Let p = 1068 + -537. Let u be (12 + -3)*2/(-3). Is (u/9)/((-6)/p) prime?
True
Suppose -p + 254 = -3*q, -p - 2*q = 2*q - 261. Is p a composite number?
False
Let a(h) = -h**2 + 1. Let m(z) = 3*z**2 + z - 81. Let c(b) = -2*a(b) - m(b). Is c(0) prime?
True
Let x = 8 + -12. Is (-1314)/12*x/3 a composite number?
True
Let w(j) be the second derivative of -13*j**5/5 - j**2/2 + j. Is w(-1) a composite number?
True
Let m = -10 - -17. Suppose -m = -2*k - 3. Suppose k*z = 73 + 85. Is z a composite number?
False
Suppose -a - 9 = 4*u, 2*u + 2 + 10 = 2*a. Suppose -2*r + 4*x = -578, -a*r + 6*r = -3*x + 831. Let c = -154 + r. Is c a prime number?
True
Suppose -3 = 3*a + 6. Let i be 1/(-1)*a - -2. Suppose 0 = -i*t + 68 + 267. Is t prime?
True
Let d(k) = k**3 - 4*k**2 + 4. Let a be d(3). Is 2/a - 77/(-5) prime?
False
Suppose 0 = -z - 3*s - 10, 10 = 2*z - 5*s - 3. Let k = 3 + z. Suppose -k*w = -w - 57. Is w a composite number?
True
Let p(u) = 434*u**2 + 3. Is p(-4) a composite number?
False
Let p = 409 - -1650. Suppose -m = 2*i - 823, -p = -i - 4*i - 2*m. Is i composite?
True
Let b = -1 - -5. Let f = b - 4. Is 1 - (-16 + 2 + f) prime?
False
Let l(s) = s**2 - 21*s + 11. Is l(-14) prime?
False
Suppose -4*x = 5*y - 371 - 205, 0 = 2*x - 5*y - 258. Is x a composite number?
False
Let k(i) = 4*i + 5*i + 2*i**2 - i**2 - 2*i - 3. Is k(10) composite?
False
Suppose -12*a + 17*a = 15. Suppose 2*t - 132 = a*s + 194, 0 = -5*t + 3*s + 797. Is t composite?
False
Is (-66)/9*(-21)/2 prime?
False
Let k(s) = 4*s + 1. Let a be k(1). Suppose -5*g + 465 = 4*u - 115, a*u = -g + 725. Is u composite?
True
Suppose 0 = -2*h + o + 677, -5*h + 279 = -o - 1409. Is h a prime number?
True
Is -7*(-8 + 0 + -3) a prime number?
False
Let j = 3 - 5. Is (4/4)/(j/(-50)) prime?
False
Let t = 14 - 8. Suppose -t*n = -4*n - 158. Is n a composite number?
False
Suppose 3*c + 2*n = 23735, 4*c = 3*c + n + 7920. Is c composite?
True
Let c = 1 + -6. Let w = 5 + c. Suppose w = -p + 4*o + 83, -4*p + o = -0*p - 317. Is p prime?
True
Let o = 212 - -83. Is o a composite number?
True
Let o = 130 - -277. Is o composite?
True
Let r be ((-18470)/15)/((-2)/6). Let d be (-2)/(-8) + r/8. Let k = d + -205. Is k a composite number?
False
Let v(u) = 91*u + 7. Is v(4) composite?
True
Let d = -25 - -46. Suppose -5*o - 14 = -5*l + d, -5*l + 17 = o. Is 1/o + (-19)/(-3) a composite number?
True
Suppose -75*u = -78*u + 2877. Is u